divide 7515?
True
Does 167 divide 48430?
True
Does 16 divide 1184?
True
Is 16161 a multiple of 23?
False
Is 32 a multiple of 13?
False
Is 280 a multiple of 3?
False
Is 15106 a multiple of 18?
False
Is 286 a multiple of 3?
False
Does 11 divide 88?
True
Is 80 a factor of 2640?
True
Is 32 a factor of 18725?
False
Does 42 divide 6219?
False
Is 3500 a multiple of 7?
True
Is 17422 a multiple of 225?
False
Is 60 a factor of 18060?
True
Is 69 a factor of 1449?
True
Does 212 divide 46745?
False
Does 9 divide 1037?
False
Is 22 a factor of 682?
True
Does 23 divide 437?
True
Does 20 divide 700?
True
Is 8112 a multiple of 23?
False
Is 30 a factor of 4455?
False
Does 33 divide 363?
True
Is 4 a factor of 695?
False
Is 10878 a multiple of 14?
True
Is 2260 a multiple of 86?
False
Is 235 a multiple of 57?
False
Does 24 divide 963?
False
Does 192 divide 19584?
True
Does 4 divide 6164?
True
Is 32 a factor of 9568?
True
Is 572 a multiple of 22?
True
Does 58 divide 98?
False
Does 29 divide 1735?
False
Is 5 a factor of 70?
True
Does 3 divide 635?
False
Does 7 divide 50868?
False
Is 294 a multiple of 3?
True
Is 76 a factor of 1824?
True
Does 15 divide 6015?
True
Is 11 a factor of 4565?
True
Is 2016 a multiple of 16?
True
Is 24 a factor of 4152?
True
Is 220 a factor of 44440?
True
Is 4590 a multiple of 45?
True
Does 69 divide 3206?
False
Is 37 a factor of 1739?
True
Is 7614 a multiple of 113?
False
Is 1133 a multiple of 11?
True
Does 36 divide 1295?
False
Is 32 a factor of 2016?
True
Does 28 divide 18280?
False
Is 13 a factor of 372?
False
Is 13 a factor of 3172?
True
Is 12 a factor of 16308?
True
Is 3330 a multiple of 90?
True
Is 14770 a multiple of 32?
False
Does 13 divide 4083?
False
Is 7293 a multiple of 17?
True
Is 1445 a multiple of 9?
False
Is 288 a multiple of 12?
True
Is 2088 a multiple of 12?
True
Is 24 a factor of 288?
True
Is 30 a factor of 20220?
True
Is 342 a multiple of 19?
True
Is 16152 a multiple of 9?
False
Is 19 a factor of 773?
False
Does 13 divide 89?
False
Does 4 divide 2135?
False
Is 74 even?
True
Is 1710 a multiple of 6?
True
Is 48 a factor of 2448?
True
Is 9425 a multiple of 15?
False
Does 7 divide 3661?
True
Does 14 divide 14700?
True
Is 496 even?
True
Is 140 a factor of 2380?
True
Is 9199 a multiple of 91?
False
Is 1168 a multiple of 19?
False
Does 3 divide 177?
True
Is 253 a multiple of 11?
True
Does 7 divide 1176?
True
Is 81 a factor of 2673?
True
Does 28 divide 365?
False
Does 81 divide 1121?
False
Is 490 a multiple of 35?
True
Does 134 divide 12563?
False
Does 2 divide 55?
False
Does 54 divide 486?
True
Is 1895 a multiple of 10?
False
Is 3420 a multiple of 19?
True
Is 17 a factor of 16190?
False
Is 55 a factor of 154275?
True
Is 4674 a multiple of 123?
True
Is 15 a factor of 11773?
False
Is 5040 a multiple of 126?
True
Is 66 a factor of 462?
True
Is 800 a multiple of 40?
True
Does 23 divide 5897?
False
Does 6 divide 862?
False
Is 20 a factor of 4928?
False
Is 289 a multiple of 48?
False
Is 2508 a multiple of 22?
True
Does 14 divide 210?
True
Does 53 divide 2915?
True
Does 43 divide 559?
True
Is 340 a multiple of 20?
True
Does 160 divide 5120?
True
Is 7 a factor of 2277?
False
Does 56 divide 2744?
True
Does 3 divide 9483?
True
Is 3450 a multiple of 151?
False
Is 13780 a multiple of 26?
True
Is 28 a factor of 1596?
True
Does 7 divide 110?
False
Is 3197 a multiple of 32?
False
Is 79 a factor of 84293?
True
Does 11 divide 561?
True
Is 10 a factor of 640?
True
Does 3 divide 29?
False
Is 216 a multiple of 72?
True
Is 14 a factor of 8806?
True
Is 9756 a multiple of 18?
True
Is 1251 a multiple of 7?
False
Is 5110 a multiple of 35?
True
Is 714 a multiple of 17?
True
Is 529 a multiple of 2?
False
Is 690 a multiple of 10?
True
Is 1102 a multiple of 29?
True
Is 2 a factor of 26?
True
Is 2808 a multiple of 13?
True
Is 1175 a multiple of 13?
False
Is 31680 a multiple of 132?
True
Does 14 divide 997?
False
Is 47479 a multiple of 17?
False
Is 4 a factor of 1074?
False
Is 17537 a multiple of 71?
True
Is 20 a factor of 9220?
True
Is 84 a factor of 3780?
True
Is 25 a factor of 25300?
True
Is 31 a factor of 29877?
False
Is 20 a factor of 60?
True
Is 15857 a multiple of 4?
False
Is 19 a factor of 418?
True
Is 12506 a multiple of 111?
False
Is 221 a multiple of 21?
False
Does 29 divide 16559?
True
Does 44 divide 15258?
False
Does 36 divide 1656?
True
Does 23 divide 894?
False
Is 6 a factor of 2663?
False
Is 36 a factor of 1332?
True
Is 3 a factor of 918?
True
Is 14765 a multiple of 179?
False
Does 41 divide 49159?
True
Is 26350 a multiple of 25?
True
Is 309 a multiple of 17?
False
Is 38 a factor of 5567?
False
Is 11 a factor of 22018?
False
Is 34944 a multiple of 273?
True
Is 4 a factor of 21430?
False
Does 62 divide 7812?
True
Does 2 divide 914?
True
Does 86 divide 10011?
False
Is 75488 a multiple of 32?
True
Does 108 divide 766?
False
Is 36 a factor of 7056?
True
Does 72 divide 5956?
False
Is 1080 a multiple of 9?
True
Does 21 divide 21588?
True
Is 509 a multiple of 86?
False
Is 591 a multiple of 50?
False
Is 1476 a multiple of 18?
True
Does 88 divide 2728?
True
Is 2445 a multiple of 15?
True
Is 5 a factor of 2295?
True
Does 12 divide 283?
False
Is 2457 a multiple of 63?
True
Does 16 divide 3680?
True
Does 41 divide 35197?
False
Is 7 a multiple of 7?
True
Is 31830 a multiple of 11?
False
Is 16 a factor of 3728?
True
Is 5310 a multiple of 9?
True
Is 2812 a multiple of 23?
False
Is 42 a multiple of 6?
True
Does 17 divide 1666?
True
Is 94 a factor of 7427?
False
Is 8 a factor of 144?
True
Is 42 a factor of 462?
True
Is 23 a factor of 1672?
False
Is 22 a factor of 1510?
False
Does 52 divide 407?
False
Is 33 a factor of 1813?
False
Does 82 divide 32882?
True
Is 2096 a multiple of 4?
True
Is 647 a multiple of 14?
False
Is 974 even?
True
Is 2875 a multiple of 25?
True
Does 62 divide 97720?
False
Does 41 divide 2244?
False
Does 13 divide 1872?
True
Does 13 divide 9968?
False
Is 8 a factor of 107411?
False
Is 47 a factor of 7896?
True
Is 8 a factor of 114730?
False
Is 11137 a multiple of 43?
True
Does 20 divide 7320?
True
Does 163 divide 13529?
True
Is 159 a factor of 127677?
True
Does 8 divide 60480?
True
Is 1757 a multiple of 41?
False
Is 156 a factor of 43836?
True
Is 36 a multiple of 2?
True
Is 20 a factor of 361?
False
Is 11620 a multiple of 10?
True
Does 19 divide 5833?
True
Does 107 divide 14546?
False
Is 10 a factor of 720?
True
Is 20083 a multiple of 19?
True
Is 17 a factor of 672?
False
Is 13 a factor of 1287?
True
Does 6 divide 95?
False
Does 6 divide 1854?
True
Does 99 divide 14351?
False
Is 4590 a multiple of 51?
True
Is 48 a multiple of 16?
True
Does 163 divide 58517?
True
Is 44 a factor of 6644?
True
Is 42 a factor of 12041?
False
Is 308 a multiple of 11?
True
Does 14 divide 4077?
False
Is 2086 a multiple of 7?
True
Is 155 a factor of 33790?
True
Does 101 divide 19144?
False
Is 22 a factor of 15239?
False
Is 14 a factor of 462?
True
Is 12 a factor of 8392?
False
Is 42 a factor of 7644?
True
Is 11834 a multiple of 12?
False
Is 43 a factor of 28055?
False
Is 6 a factor of 32?
False
Does 7 divide 1170?
False
Is 94005 a multiple of 10?
False
Is 39 a factor of 58422?
True
Is 13871 a multiple of 16?
False
Is 15888 a multiple of 61?
False
Is 388 a multiple of 6?
False
Is 98 a factor of 6272?
True
Is 1299 a multiple of 6?
False
Is 3096 a multiple of 12?
True
Does 21 divide 1323?
True
Is 222 a factor of 23088?
True
Is 57 a factor of 4670?
False
Does 17 divide 1754?
False
Does 27 divide 1431?
True
Does 14 divide 4424?
True
Is 21 a factor of 441?
True
Does 15 divide 210?
True
Is 39308 a multiple of 124?
True
Is 1552 a multiple of 11?
False
Does 36 divide 10948?
False
Is 768 a multiple of 16?
True
Does 4 divide 56?
True
Is 184 a factor of 8439?
False
Does 7 divide 228?
False
Is 163 a multiple of 3?
False
Does 26 divide 1014?
True
Is 306 a multiple of 51?
True
Is 252 a multiple of 21?
True
Is 19 a factor of 5059?
False
Is 18 a factor of 15912?
True
Does 59 divide 472?
True
Does 345 divide 69000?
True
Is 3731 a multiple of 61?
False
Is 120 a multiple of 12?
True
Is 14688 a multiple of 108?
True
Is 12 a factor of 288?
True
Is 9 a factor of 33944?
False
Is 57327 a multiple of 291?
True
Is 4472 a multiple of 137?
False
Does 36 divide 133020?
True
Is 13 a factor o